{"id":190,"date":"2018-02-11T12:22:57","date_gmt":"2018-02-11T11:22:57","guid":{"rendered":"https:\/\/svatba.tomogo.cz\/?page_id=190"},"modified":"2018-02-20T21:26:07","modified_gmt":"2018-02-20T20:26:07","slug":"luisino-udoli","status":"publish","type":"page","link":"https:\/\/svatba.tomogo.cz\/?page_id=190","title":{"rendered":"Luisino \u00dadol\u00ed"},"content":{"rendered":"<p class=\"text\"><b>Horsk\u00e1 v\u00edska<\/b><span>\u00a0<\/span>(876 m) pod<span>\u00a0<\/span><a href=\"http:\/\/www.orlickehory.net\/mista\/vdestna.htm\">Velkou De\u0161tnou<\/a>. P\u0159ipom\u00edn\u00e1 se roku 1828 jako d\u0159evorubeck\u00e1 osada, pat\u0159\u00edc\u00ed p\u016fvodn\u011b k obci Jedlov\u00e1.<span>\u00a0<\/span><span class=\"text\">Dnes chalupy slou\u017e\u00ed pro rekreaci a je zde h\u00e1jovna.<span>\u00a0<\/span><\/span>Za sv\u016fj n\u00e1zev vd\u011b\u010d\u00ed tehdej\u0161\u00edmu vlastn\u00edku solnick\u00e9ho panstv\u00ed Anton\u00ednu Slivkovi, ryt\u00ed\u0159i ze Slivic, kter\u00fd osadu pojmenoval po sv\u00e9 matce.<\/p>\n<p class=\"text\">V \u00fadol\u00ed \u0159\u00ed\u010dky Zdobnice sm\u011brem na<span>\u00a0<\/span><a href=\"http:\/\/www.orlickehory.net\/mista\/zdobnice.htm\">Zdobnici<\/a><span>\u00a0<\/span>se nach\u00e1zely dal\u0161\u00ed osady &#8211;<span>\u00a0<\/span><b>Anensk\u00e1 Hu\u0165<\/b><span>\u00a0<\/span>a<span>\u00a0<\/span><b><a href=\"http:\/\/www.orlickehory.net\/mista\/kamenec.htm\">Kamenec<\/a><\/b>(Rassdorf). Dost\u00e1l\u016fv pr\u016fvodce Orlick\u00fdmi horami z roku 1939 o Luisin\u011b \u00dadol\u00ed a okol\u00ed hovo\u0159\u00ed takto:<i><span color=\"#663300\" style=\"color: #663300;\"><span>\u00a0<\/span>&#8222;<b>Luisino \u00dadol\u00ed<\/b><span>\u00a0<\/span>(37N), mal\u00e1 osada, roztrou\u0161en\u00e1 podle nov\u00e9 silnice, nov\u00e1 restaurace, star\u00e1 hospoda [&#8230;] Z Luisina \u00fadol\u00ed vede \u010derven\u00e1 p\u0159ekr\u00e1sn\u00fdm \u00fadol\u00edm horsk\u00e9 byst\u0159iny k<span>\u00a0<\/span>pile a k n\u011bkolika chalup\u00e1m<span>\u00a0<\/span><b>Anensk\u00e9 Huti<\/b>. Star\u00fd ml\u00fdn je p\u0159em\u011bn\u011bn v hostinec [&#8230;] d\u00e1le se dost\u00e1v\u00e1me do<span>\u00a0<\/span><b>Rassdorfu<\/b><span>\u00a0<\/span>(106 N, Kamenec), vsi s kapli\u010dkou, vkl\u00edn\u011bn\u00e9 do horsk\u00e9ho h\u0159ebene. Ml\u00fdn Haka je hostincem.&#8220;<\/span><\/i><\/p>\n<p class=\"text\">Dnes u\u017e byste Anenskou Hu\u0165 hledali marn\u011b, do dne\u0161n\u00edch dn\u016f se z n\u00ed nezachoval ani jeden d\u016fm. V lese utopen\u00e9m<span>\u00a0<\/span><a href=\"http:\/\/www.orlickehory.net\/mista\/kamenec.htm\">Kamenci<\/a><span>\u00a0<\/span>z\u016fstalo z p\u016fvodn\u00edch p\u011btadvaceti chalup do dne\u0161n\u00edch dn\u016f jen 6 staven\u00ed vyu\u017e\u00edvan\u00fdch p\u0159ev\u00e1\u017en\u011b pro d\u011btsk\u00fd t\u00e1bor. Na turistick\u00e9 map\u011b z po\u010d\u00e1tku 60. let jsou ale Anensk\u00e1 Hu\u0165 i Kamenec je\u0161t\u011b zakresleny.<\/p>\n<p>My doporu\u010dujeme proch\u00e1zku po zelen\u00e9 zna\u010dce k z\u00e1me\u010dku, kde je mo\u017eno doplnit energii v m\u00edstn\u00edm Z\u00e1me\u010dku. Pokud tref\u00edte otv\u00edrac\u00ed dobu, je to p\u011bkn\u00e1 chata s p\u0159\u00edjemnou obsluhou a v\u00fdborn\u00fdm dom\u00e1c\u00edm j\u00eddlem.<\/p>\n<p>Od Z\u00e1me\u010dku se d\u00e1 j\u00edt po \u017elut\u00e9 sm\u011brem k De\u0161tn\u00e9. Na k\u0159i\u017eovatce doporu\u010dujeme kr\u00e1tkou odbo\u010dku ke kostelu sv. Matou\u0161e, kde je p\u0159ekr\u00e1sn\u00fd v\u00fdhled od houpa\u010dek zav\u011b\u0161en\u00fdch na stromech. Vr\u00e1tit se zp\u011bt po \u010derven\u00e9, vzh\u016fru pod\u00e9l sjezdovky a lesem zp\u011bt do Luisina \u00fadol\u00ed.<\/p>\n<p><a href=\"https:\/\/mapy.cz\/s\/2o7Kf\" target=\"_blank\" rel=\"noopener\"><img loading=\"lazy\" decoding=\"async\" src=\"https:\/\/svatba.tomogo.cz\/wp-content\/uploads\/2018\/02\/luisino.png\" alt=\"\" width=\"1053\" height=\"931\" class=\"alignnone size-full wp-image-191\" srcset=\"https:\/\/svatba.tomogo.cz\/wp-content\/uploads\/2018\/02\/luisino.png 1053w, https:\/\/svatba.tomogo.cz\/wp-content\/uploads\/2018\/02\/luisino-300x265.png 300w, https:\/\/svatba.tomogo.cz\/wp-content\/uploads\/2018\/02\/luisino-768x679.png 768w, https:\/\/svatba.tomogo.cz\/wp-content\/uploads\/2018\/02\/luisino-1024x905.png 1024w\" sizes=\"auto, (max-width: 1053px) 100vw, 1053px\" \/><\/a><\/p>\n","protected":false},"excerpt":{"rendered":"<p>Horsk\u00e1 v\u00edska\u00a0(876 m) pod\u00a0Velkou De\u0161tnou. P\u0159ipom\u00edn\u00e1 se roku 1828 jako d\u0159evorubeck\u00e1 osada, pat\u0159\u00edc\u00ed p\u016fvodn\u011b k obci Jedlov\u00e1.\u00a0Dnes chalupy slou\u017e\u00ed pro rekreaci a je zde h\u00e1jovna.\u00a0Za sv\u016fj n\u00e1zev vd\u011b\u010d\u00ed tehdej\u0161\u00edmu vlastn\u00edku solnick\u00e9ho panstv\u00ed Anton\u00ednu Slivkovi, ryt\u00ed\u0159i ze Slivic, kter\u00fd osadu pojmenoval po sv\u00e9 matce. V \u00fadol\u00ed \u0159\u00ed\u010dky Zdobnice sm\u011brem na\u00a0Zdobnici\u00a0se nach\u00e1zely [&hellip;]<\/p>\n","protected":false},"author":1,"featured_media":0,"parent":0,"menu_order":0,"comment_status":"open","ping_status":"closed","template":"","meta":{"footnotes":""},"class_list":["post-190","page","type-page","status-publish","hentry"],"_links":{"self":[{"href":"https:\/\/svatba.tomogo.cz\/index.php?rest_route=\/wp\/v2\/pages\/190","targetHints":{"allow":["GET"]}}],"collection":[{"href":"https:\/\/svatba.tomogo.cz\/index.php?rest_route=\/wp\/v2\/pages"}],"about":[{"href":"https:\/\/svatba.tomogo.cz\/index.php?rest_route=\/wp\/v2\/types\/page"}],"author":[{"embeddable":true,"href":"https:\/\/svatba.tomogo.cz\/index.php?rest_route=\/wp\/v2\/users\/1"}],"replies":[{"embeddable":true,"href":"https:\/\/svatba.tomogo.cz\/index.php?rest_route=%2Fwp%2Fv2%2Fcomments&post=190"}],"version-history":[{"count":1,"href":"https:\/\/svatba.tomogo.cz\/index.php?rest_route=\/wp\/v2\/pages\/190\/revisions"}],"predecessor-version":[{"id":192,"href":"https:\/\/svatba.tomogo.cz\/index.php?rest_route=\/wp\/v2\/pages\/190\/revisions\/192"}],"wp:attachment":[{"href":"https:\/\/svatba.tomogo.cz\/index.php?rest_route=%2Fwp%2Fv2%2Fmedia&parent=190"}],"curies":[{"name":"wp","href":"https:\/\/api.w.org\/{rel}","templated":true}]}}