{"id":202,"date":"2018-02-11T13:09:42","date_gmt":"2018-02-11T12:09:42","guid":{"rendered":"https:\/\/svatba.tomogo.cz\/?page_id=202"},"modified":"2018-02-20T21:28:38","modified_gmt":"2018-02-20T20:28:38","slug":"neratovske-louky","status":"publish","type":"page","link":"https:\/\/svatba.tomogo.cz\/?page_id=202","title":{"rendered":"Neratovsk\u00e9 louky."},"content":{"rendered":"<p>Neratovsk\u00e9 louky jsou kr\u00e1sn\u00e9 obvzl\u00e1\u0161t\u011b z jara, kdy zde v\u0161echno kvete a von\u00ed. Je to jedno z m\u00edst, kde se m\u016f\u017eete nat\u00e1hnout na z\u00e1da uprost\u0159ed p\u0159\u00edrody a nechat v\u0161echny starosti za hlavou.<\/p>\n<p><img loading=\"lazy\" decoding=\"async\" src=\"https:\/\/svatba.tomogo.cz\/wp-content\/uploads\/2018\/02\/neratovske_louky.jpg\" alt=\"\" width=\"1024\" height=\"682\" class=\"alignnone size-full wp-image-203\" srcset=\"https:\/\/svatba.tomogo.cz\/wp-content\/uploads\/2018\/02\/neratovske_louky.jpg 1024w, https:\/\/svatba.tomogo.cz\/wp-content\/uploads\/2018\/02\/neratovske_louky-300x200.jpg 300w, https:\/\/svatba.tomogo.cz\/wp-content\/uploads\/2018\/02\/neratovske_louky-768x512.jpg 768w, https:\/\/svatba.tomogo.cz\/wp-content\/uploads\/2018\/02\/neratovske_louky-360x240.jpg 360w\" sizes=\"auto, (max-width: 1024px) 100vw, 1024px\" \/><\/p>\n<p>Na neratovsk\u00e9 louky se dostanete z Neratova, kde p\u0159ejdete potok a zabo\u010d\u00edte doprava vzh\u016fru po modr\u00e9. Pokud p\u016fjdete po\u0159\u00e1d d\u00e1l, dojdete a\u017e na tvrz Hani\u010dka.<\/p>\n<p><a href=\"https:\/\/mapy.cz\/s\/2o81x\"><img loading=\"lazy\" decoding=\"async\" src=\"https:\/\/svatba.tomogo.cz\/wp-content\/uploads\/2018\/02\/neratovske_louky_map.png\" alt=\"\" width=\"1214\" height=\"889\" class=\"alignnone size-full wp-image-204\" srcset=\"https:\/\/svatba.tomogo.cz\/wp-content\/uploads\/2018\/02\/neratovske_louky_map.png 1214w, https:\/\/svatba.tomogo.cz\/wp-content\/uploads\/2018\/02\/neratovske_louky_map-300x220.png 300w, https:\/\/svatba.tomogo.cz\/wp-content\/uploads\/2018\/02\/neratovske_louky_map-768x562.png 768w, https:\/\/svatba.tomogo.cz\/wp-content\/uploads\/2018\/02\/neratovske_louky_map-1024x750.png 1024w\" sizes=\"auto, (max-width: 1214px) 100vw, 1214px\" \/><\/a><\/p>\n","protected":false},"excerpt":{"rendered":"<p>Neratovsk\u00e9 louky jsou kr\u00e1sn\u00e9 obvzl\u00e1\u0161t\u011b z jara, kdy zde v\u0161echno kvete a von\u00ed. Je to jedno z m\u00edst, kde se m\u016f\u017eete nat\u00e1hnout na z\u00e1da uprost\u0159ed p\u0159\u00edrody a nechat v\u0161echny starosti za hlavou. Na neratovsk\u00e9 louky se dostanete z Neratova, kde p\u0159ejdete potok a zabo\u010d\u00edte doprava vzh\u016fru po modr\u00e9. Pokud p\u016fjdete [&hellip;]<\/p>\n","protected":false},"author":1,"featured_media":0,"parent":0,"menu_order":0,"comment_status":"open","ping_status":"closed","template":"","meta":{"footnotes":""},"class_list":["post-202","page","type-page","status-publish","hentry"],"_links":{"self":[{"href":"https:\/\/svatba.tomogo.cz\/index.php?rest_route=\/wp\/v2\/pages\/202","targetHints":{"allow":["GET"]}}],"collection":[{"href":"https:\/\/svatba.tomogo.cz\/index.php?rest_route=\/wp\/v2\/pages"}],"about":[{"href":"https:\/\/svatba.tomogo.cz\/index.php?rest_route=\/wp\/v2\/types\/page"}],"author":[{"embeddable":true,"href":"https:\/\/svatba.tomogo.cz\/index.php?rest_route=\/wp\/v2\/users\/1"}],"replies":[{"embeddable":true,"href":"https:\/\/svatba.tomogo.cz\/index.php?rest_route=%2Fwp%2Fv2%2Fcomments&post=202"}],"version-history":[{"count":1,"href":"https:\/\/svatba.tomogo.cz\/index.php?rest_route=\/wp\/v2\/pages\/202\/revisions"}],"predecessor-version":[{"id":205,"href":"https:\/\/svatba.tomogo.cz\/index.php?rest_route=\/wp\/v2\/pages\/202\/revisions\/205"}],"wp:attachment":[{"href":"https:\/\/svatba.tomogo.cz\/index.php?rest_route=%2Fwp%2Fv2%2Fmedia&parent=202"}],"curies":[{"name":"wp","href":"https:\/\/api.w.org\/{rel}","templated":true}]}}