{"id":270,"date":"2018-02-26T15:36:46","date_gmt":"2018-02-26T14:36:46","guid":{"rendered":"https:\/\/svatba.tomogo.cz\/?page_id=270"},"modified":"2018-03-01T00:23:55","modified_gmt":"2018-02-28T23:23:55","slug":"formular-ubytovani","status":"publish","type":"page","link":"https:\/\/svatba.tomogo.cz\/?page_id=270","title":{"rendered":"Svatebn\u00ed formul\u00e1\u0159"},"content":{"rendered":"<p><a href=\"https:\/\/docs.google.com\/forms\/d\/e\/1FAIpQLSchL6b07hbI_03ZxCSFqoni1IDHaGjebuwFLjbr9z_MCCW1cQ\/viewform\" target=\"_blank\" rel=\"noopener\">Otev\u0159\u00edt formul\u00e1\u0159 ve vlastn\u00edm okn\u011b.<\/a><iframe loading=\"lazy\" width=\"800\" height=\"1600\" src=\"https:\/\/docs.google.com\/forms\/d\/e\/1FAIpQLSchL6b07hbI_03ZxCSFqoni1IDHaGjebuwFLjbr9z_MCCW1cQ\/viewform\"><span data-mce-type=\"bookmark\" style=\"display: inline-block; width: 0px; overflow: hidden; line-height: 0;\" class=\"mce_SELRES_start\">\ufeff<\/span><\/iframe><\/p>\n","protected":false},"excerpt":{"rendered":"<p>Otev\u0159\u00edt formul\u00e1\u0159 ve vlastn\u00edm okn\u011b.\ufeff<\/p>\n","protected":false},"author":1,"featured_media":0,"parent":0,"menu_order":0,"comment_status":"open","ping_status":"closed","template":"","meta":{"footnotes":""},"class_list":["post-270","page","type-page","status-publish","hentry"],"_links":{"self":[{"href":"https:\/\/svatba.tomogo.cz\/index.php?rest_route=\/wp\/v2\/pages\/270","targetHints":{"allow":["GET"]}}],"collection":[{"href":"https:\/\/svatba.tomogo.cz\/index.php?rest_route=\/wp\/v2\/pages"}],"about":[{"href":"https:\/\/svatba.tomogo.cz\/index.php?rest_route=\/wp\/v2\/types\/page"}],"author":[{"embeddable":true,"href":"https:\/\/svatba.tomogo.cz\/index.php?rest_route=\/wp\/v2\/users\/1"}],"replies":[{"embeddable":true,"href":"https:\/\/svatba.tomogo.cz\/index.php?rest_route=%2Fwp%2Fv2%2Fcomments&post=270"}],"version-history":[{"count":13,"href":"https:\/\/svatba.tomogo.cz\/index.php?rest_route=\/wp\/v2\/pages\/270\/revisions"}],"predecessor-version":[{"id":361,"href":"https:\/\/svatba.tomogo.cz\/index.php?rest_route=\/wp\/v2\/pages\/270\/revisions\/361"}],"wp:attachment":[{"href":"https:\/\/svatba.tomogo.cz\/index.php?rest_route=%2Fwp%2Fv2%2Fmedia&parent=270"}],"curies":[{"name":"wp","href":"https:\/\/api.w.org\/{rel}","templated":true}]}}