{"id":365,"date":"2018-03-01T01:20:02","date_gmt":"2018-03-01T00:20:02","guid":{"rendered":"https:\/\/svatba.tomogo.cz\/?page_id=365"},"modified":"2018-03-06T22:33:35","modified_gmt":"2018-03-06T21:33:35","slug":"jak-se-k-nam-dostanete-2","status":"publish","type":"page","link":"https:\/\/svatba.tomogo.cz\/?page_id=365","title":{"rendered":"Jak se k n\u00e1m dostanete"},"content":{"rendered":"<p><img loading=\"lazy\" decoding=\"async\" src=\"https:\/\/svatba.tomogo.cz\/wp-content\/uploads\/2018\/03\/smerovka-2.png\" alt=\"\" width=\"128\" height=\"125\" class=\" wp-image-503 alignright\" \/>Oblast Bed\u0159ichovka se nach\u00e1z\u00ed v malebn\u00e9m koutu Orlick\u00fdch hor. Chata Bed\u0159ichovka je po tomto m\u00edst\u011b pojmenovan\u00e1 a nach\u00e1z\u00ed se v prudk\u00e9 zat\u00e1\u010dce silnice 311:<\/p>\n<p><iframe loading=\"lazy\" width=\"800\" height=\"400\" style=\"border: none;\" src=\"https:\/\/api.mapy.cz\/frame?params=%7B%22x%22%3A16.441894327025718%2C%22y%22%3A50.299508807716634%2C%22base%22%3A%221%22%2C%22layers%22%3A%5B%5D%2C%22zoom%22%3A17%2C%22url%22%3A%22https%3A%2F%2Fmapy.cz%2Fs%2F2qTkA%22%2C%22mark%22%3A%7B%22x%22%3A%2216.441894327025718%22%2C%22y%22%3A%2250.299508807716634%22%2C%22title%22%3A%22Chata%20Bed%C5%99ichovka%22%7D%2C%22overview%22%3Atrue%7D&amp;width=400&amp;height=280&amp;lang=cs\" frameborder=\"0\"><span data-mce-type=\"bookmark\" style=\"display: inline-block; width: 0px; overflow: hidden; line-height: 0;\" class=\"mce_SELRES_start\">\ufeff<\/span><\/iframe><\/p>\n<p><span style=\"text-decoration: underline;\"><strong>Adresa chaty Bed\u0159ichovka:<\/strong><\/span><br \/>\n<span>Orlick\u00e9 Z\u00e1ho\u0159\u00ed 61<\/span><br \/>\n<span>517 64\u00a0\u00a0Orlick\u00e9 Z\u00e1ho\u0159\u00ed<\/span><br \/>\n<span>Kr\u00e1lov\u00e9hradeck\u00fd kraj<br \/>\nGPS:\u00a0<a href=\"https:\/\/mapy.cz\/zakladni?x=16.4418940&amp;y=50.2995090&amp;z=17\" target=\"_blank\" rel=\"noopener\">N 50\u00b017.97053&#8242;, E 16\u00b026.51367&#8242;<\/a><\/span><\/p>\n<p><span style=\"text-decoration: underline;\"><strong>Cesta autem:<img loading=\"lazy\" decoding=\"async\" src=\"https:\/\/svatba.tomogo.cz\/wp-content\/uploads\/2018\/03\/auto-300x203.png\" alt=\"\" width=\"144\" height=\"97\" class=\"alignright wp-image-378\" srcset=\"https:\/\/svatba.tomogo.cz\/wp-content\/uploads\/2018\/03\/auto-300x203.png 300w, https:\/\/svatba.tomogo.cz\/wp-content\/uploads\/2018\/03\/auto.png 331w\" sizes=\"auto, (max-width: 144px) 100vw, 144px\" \/><\/strong><\/span><br \/>\nAutem se d\u00e1 p\u0159ijet od De\u0161tn\u00e9ho v Orlick\u00fdch hor\u00e1ch, nebo od Orlick\u00e9ho Z\u00e1ho\u0159\u00ed. T\u011bm, co cestu neznaj\u00ed doporu\u010duji GPS navigaci, nebo zdatn\u00e9ho navig\u00e1tora.<\/p>\n<p>Z Prahy je to klidnou j\u00edzdou p\u0159ibli\u017en\u011b 2 hodiny autem, velmi neklidnou j\u00edzdou se to d\u00e1 stihnout za hodinu a p\u016fl \ud83d\ude09<\/p>\n<p>Z Hradce se vyd\u00e1te sm\u011brem na T\u0159ebechovice pod Orebem, d\u00e1le na Opo\u010dno, Dobru\u0161ku, De\u0161tn\u00e9 v Orlick\u00fdch hor\u00e1ch a st\u00e1le po hlavn\u00ed silnici p\u0159ejedete p\u0159es h\u0159eben hor a\u017e sjedete k chat\u011b Bed\u0159ichovka.<\/p>\n<p><span style=\"text-decoration: underline;\"><strong>Cesta autobusem:<img loading=\"lazy\" decoding=\"async\" src=\"https:\/\/svatba.tomogo.cz\/wp-content\/uploads\/2018\/03\/bus.png\" alt=\"\" width=\"128\" height=\"127\" class=\"alignright wp-image-379\" srcset=\"https:\/\/svatba.tomogo.cz\/wp-content\/uploads\/2018\/03\/bus.png 235w, https:\/\/svatba.tomogo.cz\/wp-content\/uploads\/2018\/03\/bus-150x150.png 150w\" sizes=\"auto, (max-width: 128px) 100vw, 128px\" \/><\/strong><\/span><br \/>\nCestu autobusem m\u00e1me vyzkou\u0161enou pouze z Prahy. Je to spoj kter\u00fd vyr\u00e1\u017e\u00ed z Prahy Florence a kon\u010d\u00ed v Orlick\u00e9m Z\u00e1ho\u0159\u00ed. Tam se d\u00e1 p\u0159esednout na cyklobus, nebo po\u017e\u00e1dat n\u011bkoho o nabl\u00ed\u017een\u00ed k Bed\u0159ichovce.<br \/>\nCesta trv\u00e1 p\u0159ibli\u017en\u011b 3:25 co\u017e nen\u00ed zrovna m\u00e1lo. Proto je asi lep\u0161\u00ed, domluvit s n\u011bk\u00fdm spoluj\u00edzdu.<\/p>\n<p><a href=\"https:\/\/jizdnirady.idnes.cz\/autobusy\/spojeni\/?date=01.06.2018&amp;time=7%3a02&amp;f=Praha%2c%2cFlorenc&amp;t=De%c5%a1tn%c3%a9+v+Orlick%c3%bdch+hor%c3%a1ch&amp;fc=200003&amp;tc=1&amp;direct=true&amp;submit=true\" target=\"_blank\" rel=\"noopener\">Spoj do De\u0161tn\u00e9ho naleznete na str\u00e1nk\u00e1ch IDOSu zde.<\/a><\/p>\n<p>Pokud pojedete z jin\u00e9ho kouta na\u0161\u00ed republiky, hledejte spoj <a href=\"https:\/\/jizdnirady.idnes.cz\/\" target=\"_blank\" rel=\"noopener\">tamt\u00e9\u017e<\/a>.<\/p>\n<p><strong><span style=\"text-decoration: underline;\">Cesta vlakem:<img loading=\"lazy\" decoding=\"async\" src=\"https:\/\/svatba.tomogo.cz\/wp-content\/uploads\/2018\/03\/train-1-222x300.png\" alt=\"\" width=\"127\" height=\"172\" class=\"alignright wp-image-388\" srcset=\"https:\/\/svatba.tomogo.cz\/wp-content\/uploads\/2018\/03\/train-1-222x300.png 222w, https:\/\/svatba.tomogo.cz\/wp-content\/uploads\/2018\/03\/train-1.png 240w\" sizes=\"auto, (max-width: 127px) 100vw, 127px\" \/><\/span><\/strong><br \/>\nCesta vlakem nen\u00ed a\u017e na m\u00edsto mo\u017en\u00e1, nejl\u00e9pe se d\u00e1 asi dojet do Nov\u00e9ho M\u011bsta nad Metuj\u00ed, kde by V\u00e1s musel n\u011bkdo vyzvednout autem. N\u00e1sledn\u00e1 cesta do a z Nov\u00e9ho M\u011bsta trv\u00e1 asi 2&#215;30 minut a proto <strong>cestovat vlakem nen\u00ed nejvhodn\u011bj\u0161\u00ed<\/strong>. Samoz\u0159ejm\u011b je tu i tato mo\u017enost, jen se mus\u00edte s n\u011bk\u00fdm domluvit na p\u0159\u00edpadn\u00e9m odvozu.<\/p>\n","protected":false},"excerpt":{"rendered":"<p>Oblast Bed\u0159ichovka se nach\u00e1z\u00ed v malebn\u00e9m koutu Orlick\u00fdch hor. Chata Bed\u0159ichovka je po tomto m\u00edst\u011b pojmenovan\u00e1 a nach\u00e1z\u00ed se v prudk\u00e9 zat\u00e1\u010dce silnice 311: \ufeff Adresa chaty Bed\u0159ichovka: Orlick\u00e9 Z\u00e1ho\u0159\u00ed 61 517 64\u00a0\u00a0Orlick\u00e9 Z\u00e1ho\u0159\u00ed Kr\u00e1lov\u00e9hradeck\u00fd kraj GPS:\u00a0N 50\u00b017.97053&#8242;, E 16\u00b026.51367&#8242; Cesta autem: Autem se d\u00e1 p\u0159ijet od De\u0161tn\u00e9ho v Orlick\u00fdch [&hellip;]<\/p>\n","protected":false},"author":1,"featured_media":0,"parent":0,"menu_order":0,"comment_status":"open","ping_status":"closed","template":"","meta":{"footnotes":""},"class_list":["post-365","page","type-page","status-publish","hentry"],"_links":{"self":[{"href":"https:\/\/svatba.tomogo.cz\/index.php?rest_route=\/wp\/v2\/pages\/365","targetHints":{"allow":["GET"]}}],"collection":[{"href":"https:\/\/svatba.tomogo.cz\/index.php?rest_route=\/wp\/v2\/pages"}],"about":[{"href":"https:\/\/svatba.tomogo.cz\/index.php?rest_route=\/wp\/v2\/types\/page"}],"author":[{"embeddable":true,"href":"https:\/\/svatba.tomogo.cz\/index.php?rest_route=\/wp\/v2\/users\/1"}],"replies":[{"embeddable":true,"href":"https:\/\/svatba.tomogo.cz\/index.php?rest_route=%2Fwp%2Fv2%2Fcomments&post=365"}],"version-history":[{"count":19,"href":"https:\/\/svatba.tomogo.cz\/index.php?rest_route=\/wp\/v2\/pages\/365\/revisions"}],"predecessor-version":[{"id":515,"href":"https:\/\/svatba.tomogo.cz\/index.php?rest_route=\/wp\/v2\/pages\/365\/revisions\/515"}],"wp:attachment":[{"href":"https:\/\/svatba.tomogo.cz\/index.php?rest_route=%2Fwp%2Fv2%2Fmedia&parent=365"}],"curies":[{"name":"wp","href":"https:\/\/api.w.org\/{rel}","templated":true}]}}