{"id":53,"date":"2018-02-05T16:44:41","date_gmt":"2018-02-05T15:44:41","guid":{"rendered":"https:\/\/svatba.tomogo.cz\/?page_id=53"},"modified":"2018-03-04T17:01:26","modified_gmt":"2018-03-04T16:01:26","slug":"volny-cas","status":"publish","type":"page","link":"https:\/\/svatba.tomogo.cz\/?page_id=53","title":{"rendered":"Voln\u00fd \u010das"},"content":{"rendered":"<p><img loading=\"lazy\" decoding=\"async\" src=\"https:\/\/svatba.tomogo.cz\/wp-content\/uploads\/2018\/02\/slunicko.png\" alt=\"\" width=\"144\" height=\"130\" class=\"wp-image-357 size-full alignright\" \/><\/p>\n<p>V den svatby jsme pro V\u00e1s p\u0159ipravili n\u011bkolik aktivit pro odleh\u010den\u00ed:<\/p>\n<ol>\n<li><a href=\"https:\/\/svatba.tomogo.cz\/?page_id=155\">Minigolf v are\u00e1lu chaty Bed\u0159ichovka.<\/a> (hole v recepci)<\/li>\n<li><a href=\"https:\/\/svatba.tomogo.cz\/?page_id=158\">Tenis na m\u00edstn\u00edm kurtu<\/a>\u00a0&#8211; rakety a m\u00ed\u010dky sebou.<\/li>\n<li>Badminton\u00a0mo\u017eno hr\u00e1t kdekoli, a n\u011bjak\u00e9 rakety se u n\u00e1s taky najdou.<\/li>\n<li><a href=\"https:\/\/svatba.tomogo.cz\/?page_id=133\">Pro otrl\u00e9, plav\u00e1n\u00ed v hasi\u010dsk\u00e9 n\u00e1dr\u017ei<\/a>.<\/li>\n<li>M\u00edrn\u011b nebezpe\u010dn\u00e1 lanov\u00e1 opi\u010d\u00ed dr\u00e1ha u Bed\u0159ichovky.<\/li>\n<li>P\u00e9tanque pro ospal\u00e9 odpoledne.<\/li>\n<li>Pokud bude dozor, tak si m\u016f\u017eeme zast\u0159\u00edlet z luku, nebo ze vzduchovky.\n<ul><\/ul>\n<\/li>\n<li><a href=\"https:\/\/www.bedrichovka.cz\/sportbedr.htm\">a mnohem v\u00edce&#8230;<\/a><\/li>\n<\/ol>\n<p>Pokud V\u00e1s nenadchla \u017e\u00e1dn\u00e1 z v\u00fd\u0161e jmenovan\u00fdch aktivit, m\u016f\u017eete si jen u\u017e\u00edvat j\u00eddlo, pit\u00ed a v\u0161echny p\u0159\u00edtomn\u00e9 svateb\u010dany.<\/p>\n<p>V ostatn\u00ed dny, nebo pokud dlouho nevydr\u017e\u00edte na jednom m\u00edst\u011b, je mo\u017en\u00e9 vyrazit do okoln\u00ed p\u0159\u00edrody a pokochat se m\u00edstn\u00edmi zaj\u00edmavostmi:<\/p>\n<ol>\n<li>Proch\u00e1zky po okol\u00ed\n<ul>\n<li><a href=\"https:\/\/svatba.tomogo.cz\/?page_id=130\">Tr\u010dkov<\/a>.<\/li>\n<li><a href=\"https:\/\/svatba.tomogo.cz\/?page_id=121\">Polsko a kostel sv. Anton\u00edna<\/a>.<\/li>\n<li><a href=\"https:\/\/svatba.tomogo.cz\/?page_id=145\" rel=\"noopener\">\u010cert\u00ed sk\u00e1la.<\/a><\/li>\n<li><a href=\"https:\/\/svatba.tomogo.cz\/?page_id=163\">Chodit po houb\u00e1ch<\/a>.<\/li>\n<\/ul>\n<\/li>\n<li>V\u00fdlety do okol\u00ed\n<ul>\n<li><a href=\"https:\/\/svatba.tomogo.cz\/?page_id=170\">Velk\u00e1 De\u0161tn\u00e1<\/a>.<\/li>\n<li><a href=\"https:\/\/svatba.tomogo.cz\/?page_id=184\">Masarykova chata<\/a> (p\u011bkn\u00fd v\u00fdhled, ale naj\u00edst se doporu\u010dujeme jinde).<\/li>\n<li><a href=\"https:\/\/svatba.tomogo.cz\/?page_id=190\">Luisino \u00fadol\u00ed<\/a> (zde najdete tzv. Z\u00e1me\u010dek, kde se d\u00e1 v\u00fdborn\u011b naj\u00edst).<\/li>\n<li><a href=\"https:\/\/svatba.tomogo.cz\/?page_id=193\">Bunkrovka<\/a>.<\/li>\n<\/ul>\n<\/li>\n<li>Pro ty, co se r\u00e1di pod\u00edvaj\u00ed trochu d\u00e1l\n<ul>\n<li><a href=\"https:\/\/svatba.tomogo.cz\/?page_id=199\">Neratov<\/a> a <a href=\"https:\/\/www.neratov.cz\/vrchni-orlice\" target=\"_blank\" rel=\"noopener\">Vrchn\u00ed Orlice<\/a>.<\/li>\n<li><a href=\"https:\/\/svatba.tomogo.cz\/?page_id=202\" target=\"_blank\" rel=\"noopener\">Neratovsk\u00e9 louky.<\/a><\/li>\n<li><a href=\"http:\/\/www.hanicka.cz\/\" target=\"_blank\" rel=\"noopener\">Bojov\u00e1 tvrz Hani\u010dka a okol\u00ed<\/a>.<\/li>\n<li><a href=\"http:\/\/www.orlickehory.eu\/index.php?option=com_content&amp;view=article&amp;id=234&amp;Itemid=&amp;lang=cs\">Prameny Divok\u00e9 Orlice<\/a> (polsk\u00e9 ra\u0161elini\u0161t\u011b).<\/li>\n<\/ul>\n<\/li>\n<li>N\u011bco pro gurm\u00e1ny\n<ul>\n<li><a href=\"http:\/\/www.osmelakowadolina.pl\/pstr-gi.html\" target=\"_blank\" rel=\"noopener\">Osmelakowa Dolina<\/a> &#8211; zde si m\u016f\u017eete d\u00e1t skv\u011bl\u00e9 pstruhy, kter\u00e9 si sami m\u016f\u017eete nachytat (\u010de\u0161tina nen\u00ed probl\u00e9m).<\/li>\n<li><a href=\"https:\/\/svatba.tomogo.cz\/?page_id=209\">Lango\u0161e a pek\u00e1rna v De\u0161tn\u00e9m<\/a>.<\/li>\n<li><a href=\"https:\/\/svatba.tomogo.cz\/?page_id=216\">Pivo z pivovaru Neratov<\/a>.<\/li>\n<\/ul>\n<\/li>\n<li>Pro dobrodruhy\n<ul>\n<li><a href=\"http:\/\/www.lanovyparkdestne.cz\/ew\/a79ea9e3-3a59-4846-a1b9-8a340dea075a-cs\" target=\"_blank\" rel=\"noopener\">J\u00edzda po sjezdovce na k\u00e1r\u00e1ch v De\u0161tn\u00e9m<\/a>.<\/li>\n<li><a href=\"http:\/\/www.lanovyparkdestne.cz\/\" target=\"_blank\" rel=\"noopener\">Lanov\u00e9 centrum v De\u0161tn\u00e9m<\/a>.<\/li>\n<li><a href=\"https:\/\/www.konekotyza.cz\/\" target=\"_blank\" rel=\"noopener\">J\u00edzda na kon\u00edch tak\u00e9 v De\u0161tn\u00e9m<\/a>.<\/li>\n<li>Kut\u00e1len\u00ed sud\u016f nad kapli\u010dkou. \ud83d\ude42<\/li>\n<li>V\u0161e v\u00fd\u0161e zm\u00edn\u011bn\u00e9 absolvovat na kole, a p\u0159ij\u00edt v\u010das a \u0159\u00e1dn\u011b umyt a navon\u011bn na ob\u0159ad \ud83d\ude09<\/li>\n<\/ul>\n<\/li>\n<li>Pro ty, kte\u0159\u00ed v ned\u011bli r\u00e1di nav\u0161t\u011bvuj\u00ed kostely\n<ul>\n<li>8:00 M\u0161e svat\u00e1 v Orlick\u00e9m Z\u00e1ho\u0159\u00ed (ka\u017edou 1. ned\u011bli v m\u011bs\u00edci).<\/li>\n<li>9:30 M\u0161e svat\u00e1 v de\u0161tensk\u00e9 M\u00e1\u0159\u00ed Magdalen\u011b.<\/li>\n<li>10:00 M\u0161e svat\u00e1 v Neratov\u011b (www.neratov.cz\/bohoslu\u017eby).<\/li>\n<li>11:30 M\u0161e svat\u00e1 v Barto\u0161ovic\u00edch.<\/li>\n<li>10.15 M\u0161e svat\u00e1 v polsk\u00e9 Las\u00f3wce (nejbli\u017e\u0161\u00ed kostel).<\/li>\n<\/ul>\n<\/li>\n<\/ol>\n","protected":false},"excerpt":{"rendered":"<p>V den svatby jsme pro V\u00e1s p\u0159ipravili n\u011bkolik aktivit pro odleh\u010den\u00ed: Minigolf v are\u00e1lu chaty Bed\u0159ichovka. (hole v recepci) Tenis na m\u00edstn\u00edm kurtu\u00a0&#8211; rakety a m\u00ed\u010dky sebou. Badminton\u00a0mo\u017eno hr\u00e1t kdekoli, a n\u011bjak\u00e9 rakety se u n\u00e1s taky najdou. Pro otrl\u00e9, plav\u00e1n\u00ed v hasi\u010dsk\u00e9 n\u00e1dr\u017ei. M\u00edrn\u011b nebezpe\u010dn\u00e1 lanov\u00e1 opi\u010d\u00ed dr\u00e1ha u [&hellip;]<\/p>\n","protected":false},"author":1,"featured_media":0,"parent":0,"menu_order":0,"comment_status":"open","ping_status":"closed","template":"","meta":{"footnotes":""},"class_list":["post-53","page","type-page","status-publish","hentry"],"_links":{"self":[{"href":"https:\/\/svatba.tomogo.cz\/index.php?rest_route=\/wp\/v2\/pages\/53","targetHints":{"allow":["GET"]}}],"collection":[{"href":"https:\/\/svatba.tomogo.cz\/index.php?rest_route=\/wp\/v2\/pages"}],"about":[{"href":"https:\/\/svatba.tomogo.cz\/index.php?rest_route=\/wp\/v2\/types\/page"}],"author":[{"embeddable":true,"href":"https:\/\/svatba.tomogo.cz\/index.php?rest_route=\/wp\/v2\/users\/1"}],"replies":[{"embeddable":true,"href":"https:\/\/svatba.tomogo.cz\/index.php?rest_route=%2Fwp%2Fv2%2Fcomments&post=53"}],"version-history":[{"count":60,"href":"https:\/\/svatba.tomogo.cz\/index.php?rest_route=\/wp\/v2\/pages\/53\/revisions"}],"predecessor-version":[{"id":506,"href":"https:\/\/svatba.tomogo.cz\/index.php?rest_route=\/wp\/v2\/pages\/53\/revisions\/506"}],"wp:attachment":[{"href":"https:\/\/svatba.tomogo.cz\/index.php?rest_route=%2Fwp%2Fv2%2Fmedia&parent=53"}],"curies":[{"name":"wp","href":"https:\/\/api.w.org\/{rel}","templated":true}]}}